is the highest common divisor of 48 and t?
16
Let w = -39 - -80. What is the greatest common factor of 123 and w?
41
Let u = 76 - 34. What is the highest common divisor of 3 and u?
3
Suppose 9*d = -5 + 437. Let q = 38 + -26. Calculate the greatest common divisor of d and q.
12
Let j be (-1)/((-2)/(-4)) - -44. Suppose -2*w + 146 = 4*y, -43 = -w + 2*y + 2*y. What is the highest common factor of w and j?
21
Let w be -1 - (1 + -2)*145. Suppose -66 = -5*b + 2*b + 4*f, 2*b - 3*f - 45 = 0. What is the greatest common factor of b and w?
18
Let b = 1 - 1. Suppose -4*j - 30 - 58 = b. Let h = j + 66. Calculate the greatest common divisor of 11 and h.
11
Suppose -10*y + 9*y = -6. What is the greatest common divisor of 3 and y?
3
Suppose 0*z = 3*z. Suppose -5*k + 10 = -z*k. Suppose -5*r + k*w = -3*r - 18, -2*w - 4 = 0. What is the greatest common factor of r and 56?
7
Suppose -2*d + 390 = 2*u, 3*u + 787 = 7*u - 3*d. What is the highest common divisor of u and 28?
28
Let f be 9/(-54) + 398/12. Calculate the highest common divisor of f and 297.
33
Suppose 5*o = z - 7, -9 = -3*z + 2*o + 12. Let c = -71 + 106. Calculate the greatest common factor of c and z.
7
Let n(o) = o**3 - 7*o**2 - 7*o + 4. Let k be n(8). Let r = -49 - -181. What is the greatest common divisor of k and r?
12
Suppose -6*u - 32 = -7*u. Calculate the greatest common factor of 24 and u.
8
Let w = -16 + 24. Suppose x - 5*x + 40 = 0. Let s = x + w. What is the greatest common divisor of 36 and s?
18
Suppose -q - 1 = -10. Calculate the highest common factor of q and 45.
9
Suppose 3*c = 2*c + 3. Suppose k + c = 1. Let g be (2/k - 3)*-4. Calculate the greatest common factor of 32 and g.
16
Let t(y) = 9*y - 21. Let f be t(4). Let r(b) = -b**3 + b**2 + b + 25. Let o be r(0). Let v = o - f. Calculate the greatest common factor of v and 2.
2
Suppose 0*t + 3*t - 6 = 0. Suppose 5 = -t*k + 15. Let v be (4/(-6))/(22/(-1815)). Calculate the greatest common divisor of v and k.
5
Let b be (-1 - (-6)/3)*4. Let s = 1 - b. Let q be 1/(-3) - 136/s. Calculate the highest common divisor of q and 9.
9
Let a be -3*(-2 - (-2)/(-6)). What is the greatest common divisor of 14 and a?
7
Suppose -3*r = 2*r - 200. What is the highest common divisor of 60 and r?
20
Suppose -2*h + 101 = 13. Calculate the greatest common factor of 11 and h.
11
Suppose 0 = -r + 13*r - 324. Let b(n) = n**2 + 3*n + 3. Let i be b(-3). Calculate the greatest common divisor of r and i.
3
Let b(n) = 2*n**2 + 8*n + 6. Let p be b(-6). Let i be ((-275)/(-22))/((-1)/(-6)). What is the highest common divisor of p and i?
15
Let i(k) = k**2 - k - 6. Suppose -6*w + 2*w + 20 = 0. Let v be i(w). Suppose 4*z - 201 = -33. What is the greatest common divisor of v and z?
14
Suppose 0 = 5*d - 3 - 2. Let z = d + 2. Calculate the greatest common divisor of 9 and z.
3
Let h = 116 - 89. Let l(i) = -5*i - 1. Let b be l(-5). Suppose 2*g + 2*c = 14, -4*c = -2*g - c + b. Calculate the highest common factor of h and g.
9
Suppose -6*x = -x - 80. Suppose -68 = -i - 4. Calculate the greatest common factor of i and x.
16
Let a = -12 + 23. Suppose 3 = -2*f + a. Suppose -2*h - 21 + 63 = -4*g, f*g = -16. What is the greatest common divisor of h and 52?
13
Suppose l = -5*u - 10, -l - 2*u - 1 = -0*l. Let y(h) = -h**2 + 5*h - 6. Let d be y(l). Let m be 3/d - (-41)/2. Calculate the highest common factor of m and 4.
4
Suppose 4*n - t - 19 = -0*t, 0 = 2*n - 2*t - 14. Suppose n*i + 0 - 364 = 0. What is the highest common divisor of 13 and i?
13
Suppose 3*x - 4*d + 1 = -0, 5*x - 3*d = 13. Let n = -23 + 73. Calculate the highest common factor of x and n.
5
Let j be 56/(-3)*(-75)/10. What is the highest common divisor of 56 and j?
28
Let r(t) = -3*t**3 + 2 + 2*t + 5*t**2 + 0*t**3 + 2*t**3. Let c be -2 - (-5)/(5/6). Let p be r(c). Calculate the greatest common factor of 13 and p.
13
Let y(q) = 87*q + 1. Let v be y(1). Calculate the highest common divisor of v and 11.
11
Let h(q) be the second derivative of q**4/3 - q**3/6 - 5*q**2/2 - 3*q. Let f be h(4). Calculate the greatest common factor of 11 and f.
11
Let t be (-10)/(-35) + 768/7. Let n(w) = w**3 + 3*w**2. Let j be n(-3). Let q = t - j. What is the highest common factor of 44 and q?
22
Suppose -5*j = -5*r - 370, 5*r - 287 = -5*j + 93. Calculate the highest common divisor of 100 and j.
25
Let c(w) = w**3 + 9*w**2 + 6*w - 8. Let h be c(-6). Calculate the highest common factor of h and 32.
32
Let p be 48/1 - (1 - 1). Calculate the highest common factor of p and 24.
24
Suppose 2*p + 2*n - 123 = 3*n, p = 5*n + 66. What is the highest common factor of p and 183?
61
Let b be (-1 + -3 + 7)*1. Let c be 97/b - (-8)/12. Calculate the highest common factor of c and 11.
11
Let a = 17 + -7. What is the highest common factor of a and 70?
10
Suppose 3*n + 18 = p, -2*p - 5*n = -5 - 64. Suppose 4*t = -3*s + 21, 4*t + 4*s - 25 = -t. What is the greatest common factor of p and t?
9
Suppose 3*p + 5*m = -27, 3*p + 2*m = 5*m - 27. Let x(b) = b**2 + 6*b + 3. Let l be x(p). Let w = 3 + 42. What is the highest common divisor of l and w?
15
Let j be (-1)/5 + (-112)/(-10). Suppose -235 = p + z, -8 = 5*z + 2. Let u be p/(-3) + (-6)/9. Calculate the greatest common divisor of u and j.
11
Let u = -120 - -81. Let w be (-2)/(-3) + u/(-9). Suppose -2*i = 3*x - 2*x - 9, -w*i = -5. Calculate the highest common divisor of x and 7.
7
Let z(l) = -l**2 + 4*l + 3. Let t be z(4). Let x be 2 + (2 - 1)*-2. Let a = 1 - x. What is the highest common factor of a and t?
1
Suppose -s = 4*s + 25. Let t(v) = -13*v - 9. Let d be t(s). What is the highest common divisor of 84 and d?
28
Let h = -79 - -83. What is the highest common divisor of 28 and h?
4
Let c = -17 + 34. Suppose 3*n - 2*f = 41, -n + 2*f = -2*f - c. What is the greatest common divisor of 65 and n?
13
Let z be (-56)/10 - 6/15. Let p be 2/z - 248/(-24). What is the highest common divisor of p and 80?
10
Suppose 5*r + 51 = 2*r. Let u = 26 + r. What is the greatest common divisor of u and 81?
9
Suppose -3 = 3*t, 5*t + 69 + 6 = 2*o. Suppose 0 = -2*r + o - 9. What is the highest common factor of r and 117?
13
Let i be (-2)/4*(6 - 14). Let b = i + -2. What is the greatest common divisor of b and 4?
2
Let r be (-4)/(-14) + 160/28. Suppose 6 = 3*l - r. Let q(j) = j**3 - 5*j**2 + j + 5. Let u be q(5). Calculate the highest common factor of u and l.
2
Let r = 9 - -7. Let q = 64 - r. Calculate the greatest common factor of q and 12.
12
Suppose -7*r = z - 2*r + 5, 5*z = 5*r + 35. Let g be (-2)/(-1 + (-2)/(-3)). Suppose f = y - g - z, f = -y + 5. What is the greatest common factor of y and 40?
8
Let o(y) = -8*y**2 + 2*y + 2. Let l be o(2). Let c = l - -40. Calculate the highest common divisor of 42 and c.
14
Suppose 0*x - 3*x - 219 = -4*p, 2*p - 4*x = 102. Calculate the highest common divisor of 38 and p.
19
Suppose -205*a = -200*a - 50. Let r be (3 - 2)*1 + 19. What is the greatest common factor of r and a?
10
Let x = -14 + 15. Calculate the greatest common divisor of x and 8.
1
Let a be (-4 - -1)*(9 + -20). What is the greatest common factor of 3 and a?
3
Let s(u) = u**3 - 8*u**2 + 11*u + 2. Let x be s(8). Calculate the greatest common divisor of x and 10.
10
Let s(o) = o + 9. Let h be s(5). Calculate the highest common factor of 35 and h.
7
Let u be (24/15)/(2/10). Let c(y) = -7*y + 5. Let b be c(-4). Suppose -h = l - 18, 3*l + 2*h = 23 + b. Calculate the greatest common divisor of u and l.
4
Let w be 64/12 - (-2)/(-6). Suppose -2*b = -b + w*c - 35, -3*b = -3*c - 195. What is the greatest common divisor of b and 24?
12
Let m = -7 + 15. Let p = m + 37. What is the greatest common factor of 5 and p?
5
Let l = -4 - -16. Let j be (8 + -14)*(-10 - 16/(-4)). What is the greatest common divisor of l and j?
12
Let t = -10 + -15. Let j = t + 40. Calculate the greatest common factor of j and 30.
15
Suppose n - 132 = -3*w, 2*w = 2*n - 0*n - 232. Calculate the greatest common divisor of n and 15.
15
Let n = 19 + 25. Let q(p) = p**3 - 5*p**2 + 4*p + 10. Let z be q(3). What is the highest common factor of n and z?
4
Let z be (-213)/(-15) + (-2)/10. Let t = 177 + -51. Calculate the highest common divisor of t and z.
14
Let p be 1/2*(70 + 0). Let j = p - -29. Suppose -u + j = u - 2*y, -4*y + 152 = 4*u. What is the greatest common divisor of 14